?
False
Let w = 104 + -52. Suppose -42*d + w*d - 8030 = 0. Is d composite?
True
Suppose 0 = -s - 4*m - 6, -2*s - 3*m = 18 - 16. Suppose 3*q - 1778 = -2*y, -3*q + 883 = s*y - y. Is y a prime number?
False
Suppose 8*d = 13*d - 15. Suppose -d*f - 192 + 2175 = 0. Suppose 0 = p - 2*j - 333, 0 = -2*p - j - 0*j + f. Is p a prime number?
True
Let j be (4/(-22))/1 + 7980/330. Suppose -4*a = 12 - j. Is (a + 0)*194/3 composite?
True
Suppose -42560 = -10*x + 54140. Suppose -2*r - l + 35391 = 0, -98155 + x = -5*r - 4*l. Is r composite?
True
Suppose -15*q = -20*q + 15. Suppose -2*c + j = 3*c + 86, c = q*j - 6. Is (-2)/(54/(-24117)) + 4/c a composite number?
True
Suppose -2470525 = -79*q + 363916. Is q composite?
False
Suppose 16*t + 503460 = 1931556. Suppose -8*m + t = 16*m. Is m prime?
True
Let y(u) = 2918*u**3 + u**2 - 3*u + 2. Let q be 56/(-336) - (-14)/12. Is y(q) prime?
False
Let l(y) = -2*y + 892 + y**3 - 4*y**2 + 9*y**2 - y - 4*y**2. Let s be l(0). Suppose -2*c = -4*c + 3*m + 1777, -c + s = -5*m. Is c composite?
False
Let n be (-26324)/16 + 15/12 + -1. Let q = 4143 + n. Is q prime?
False
Let c(f) = 14226*f - 2179. Is c(6) a composite number?
False
Suppose 8463533 = 47*v - 22813970 + 1834964. Is v composite?
True
Suppose 0 = 4*a - 5*l - 21060 + 1917, a = 5*l + 4782. Suppose -a = 2*w - 27265. Is w prime?
True
Suppose 0*t + 10 = 3*t + 2*p, 0 = -2*t + 4*p - 20. Suppose 5*u + 5*k - 4 = 6, -u + k + 12 = t. Is 123*u - (-11 - -7) a composite number?
True
Let d = -97 + 404. Let h be 8 + (-4 - -1)*1. Suppose 0 = -3*y + 4*r + 270, h*y - 132 = 3*r + d. Is y composite?
True
Suppose 2*s + 466327 = 3*n, 0 = -0*n + 5*n - 5*s - 777225. Is n composite?
True
Suppose -9*k - 30*k + 981018 = 15*k. Is k a prime number?
False
Suppose 0 = -71*i + i + 1049891 + 914939. Is i a prime number?
True
Suppose 0 = -s + 4, -13*l = -9*l + 4*s - 75540. Is l a composite number?
True
Let d be (-2)/(-11) + 60/33. Suppose -k = 3*i + 19, -3*k - 4*i - 22 = -d*i. Is 338/6 - k/(-3) a prime number?
False
Let u = 506 - 502. Suppose u*g - 1797 = 8119. Is g a prime number?
False
Let a be 2*(1 - (3 + -12)). Suppose 0 = -2*g - 3*s - s, 4*s = 3*g - a. Suppose 0 = -h + g, 0*l = -2*l + 5*h + 632. Is l composite?
True
Let a = -1319 - -1319. Suppose y = -3*y + 8. Suppose -y*p + p + 769 = a. Is p composite?
False
Let a(i) = 771*i**2 + 6*i - 74. Is a(7) a prime number?
True
Suppose -16 = 6*p - 76. Suppose b - 37303 = 7*o - p*o, o + 3*b = 12445. Is o composite?
False
Suppose 14*f - 382150 = 9*f + 3*l, -l = -5*f + 382140. Is f composite?
True
Let k(j) = 4*j + 225. Suppose 4 = 3*l - 4*q + 121, -4*q = -5*l - 195. Is k(l) composite?
True
Suppose 0 = -4*s - 4*y - 12, 5 = 3*s + 2*y + 9. Is (734 - -5)/(s/2) composite?
False
Let v(i) = i**3 + 21*i**2 + 21*i + 22. Suppose 77*f = 74*f - 60. Let a be v(f). Suppose 13215 = 5*z - a*p, z + 2*p - 1487 - 1156 = 0. Is z a composite number?
True
Let t(x) = 407*x**2 - 7*x + 19. Let s be t(4). Suppose -5*q - 11457 = s. Let h = q - -5127. Is h composite?
True
Let o(u) = 74*u**2 - 33*u + 5. Is o(-12) composite?
False
Suppose 0 = 13*n + 9*n - 531498. Suppose -5701 = -x + 4*b + 2352, -n = -3*x - 3*b. Is x prime?
True
Suppose 2*r - 76754 = -4*s, -23*s = 4*r - 20*s - 153523. Is r prime?
False
Let d(k) = -3*k + 16*k**2 + 7 - 12*k - 1. Suppose -3*m = 2*j + 2*j + 35, 4*m + 35 = -3*j. Is d(j) composite?
True
Let i(p) = -2*p + 12. Let g be i(3). Suppose -5*a - 4*j = -4 - g, -4*j = -5*a - 30. Let s(l) = -409*l + 3. Is s(a) composite?
False
Let b = 59502 - 25255. Is b prime?
False
Let c be 18/(-24) + (-170)/8. Let a = c - -28. Suppose 0 = a*g - 4202 - 652. Is g prime?
True
Suppose 2*r - 3*g - 556238 = 1262318, 7*g = 3*r - 2727829. Is r composite?
False
Let a(o) = -o + 3. Let b be a(-1). Suppose 5520 = 3*v + 2*y - 242, 0 = -b*v + y + 7701. Is (2 - 2) + v/4 composite?
True
Let u(g) = 594*g**2 - 2*g. Let z(d) = -595*d**2 + 3*d + 1. Let s(v) = -2*u(v) - 3*z(v). Let o(h) = -h**3 + 6*h**2 - 6*h + 34. Let t be o(6). Is s(t) prime?
False
Suppose -151016 = -26*s - 63840 + 142950. Is s prime?
False
Let z be -2*(-5 - -10 - 4). Let h(f) = -583*f**3. Let t be h(z). Suppose -4*q - 4*d = -7520, 0 = 5*q + 4*d - 4739 - t. Is q a prime number?
False
Let j(n) = 811*n**2 - 3*n + 83. Is j(6) a composite number?
True
Suppose 5*m - 713623 - 446621 = -r, -m = r - 232048. Is m a composite number?
False
Suppose -4*c = 3*u - 235336, -5*c = -14*u + 18*u - 294171. Is c composite?
False
Suppose b = -0*k + 2*k - 2, 5*b + 21 = -k. Let r(j) = -86*j**3 - 2*j**2 - 2*j + 5. Is r(b) prime?
False
Suppose -169 = -6*s - 25. Let c be (0 - -1)/(23 - s). Is 3 - (3 - c) - -140 composite?
False
Let s(w) = 162*w**2 + 62*w - 42. Let m(j) = -81*j**2 - 32*j + 21. Let x(g) = 5*m(g) + 3*s(g). Is x(-14) prime?
False
Let g(z) be the second derivative of -229*z**3/6 - z**2 + 31*z. Let v be (1 + 1 - -1)*-1. Is g(v) a prime number?
False
Let d = -14 - -25. Suppose -d*i - 2*i - 26 = 0. Is i - ((-2 - -1) + -300) prime?
False
Suppose -d + 3 = 2*a - 2, -1 = -4*a - 5*d. Suppose l - 2*q - 9905 = -2*l, 0 = -5*l + a*q + 16505. Suppose 9*x - 33986 = -l. Is x composite?
True
Suppose -5*a - 2135 = -5*c, -4*a + 1709 = 4*c + 9. Suppose 5*o = -z - c + 4443, -o + 805 = z. Is o prime?
False
Let c(l) = 24*l**3 - 3*l**2 - 4*l - 1. Let n be c(-1). Is (-18)/12*508240/n a prime number?
False
Let p = -34 + 58. Let c be 6/p*3 + 27/(-4). Is (-2*(-3)/(-2))/(c/194) a prime number?
True
Let a = -8 - -11. Let d(y) = 980 - 976 + 150*y + 13*y. Is d(a) a prime number?
False
Let i(f) = -2829*f + 695. Is i(-6) a prime number?
True
Let p = 208 - 198. Is ((-5)/p)/(3/(-60510)) prime?
False
Let d(n) = -1687*n + 2. Suppose -152*h + 154*h = -2. Is d(h) composite?
True
Let s(k) = -k**3 + 23*k**2 + 9*k + 18. Suppose 22*f + 95 = 27*f. Is s(f) prime?
False
Let z be 5/(-10) + 14/4. Suppose 24 = 5*d + q, -5*d + 11 = -3*q + z. Suppose d*a + a = -4*l + 6118, 4*a = -5*l + 4889. Is a composite?
True
Let h = 30411 + -14927. Suppose 4*g - y - y = 15476, 4*g = 4*y + h. Is g a prime number?
False
Let g(r) = 20212*r - 110. Let i be g(8). Is i/24 - (-2)/8 a composite number?
False
Let s be (798/56)/(-2*(-9)/48). Suppose 169424 = -s*p + 54*p. Is p a prime number?
True
Let n = 1921160 + -972411. Is n a composite number?
False
Suppose -4*n = -4*d + 12, -d = -3*n - 4*d - 3. Let c be (39/n)/(6/(-24)). Suppose c*j + 2721 = 81*j. Is j prime?
True
Let r be (-20)/(2/(-36)*4). Suppose -916 = -3*l - 2*w - r, -l = 2*w - 278. Is l composite?
True
Suppose 14*a - 263994 = -32*a. Is a a prime number?
False
Let q(j) = -2*j - 18. Let h be q(-12). Suppose 1764 = -h*k + 8*k. Suppose 0 = 2*m - 5*u - k, -2*m + 914 = -0*m + 3*u. Is m a composite number?
True
Suppose 81 - 57 = -2*u. Let g(s) = 70*s**2 + 2*s - 82. Is g(u) composite?
True
Suppose 0 = -3*o - 4*q - 161, 2*q = -o - 0*q - 55. Let t be o/12 - (-1)/4. Let h(l) = 50*l**2 + 10*l + 7. Is h(t) prime?
False
Suppose 9*k + 32 = 11*k. Suppose -4*j - 4*j + k = 0. Suppose -n = 5*t - 2*n - 5196, t + j*n = 1037. Is t prime?
True
Suppose n - 2*s = 14, 0 = 4*n + s - 82 + 8. Suppose -5491 - 17495 = -n*x. Is x a prime number?
True
Let v(h) = h**3 - 4*h**2 - 9*h - 15. Let c be v(6). Suppose 4*z = -z + i + 2439, -4*z + c*i = -1960. Is z prime?
True
Suppose -4*q = 4*s, 0*s = -3*s + 3*q + 30. Let u(v) = 78*v**2 + 2*v - 11. Is u(s) prime?
True
Is (-1)/(7/(-4410168)*3) - -9 prime?
False
Suppose -5*w - 5*v = 15, 7*w + 5*v + 17 = 3*w. Suppose 3*d = -w*d + 540. Is 27306/d + (-2)/(-12) prime?
False
Let y be 309324/8 + (-12)/(-8). Suppose n = 5*g - 75309, -4*g + y = -4*n - 21593. Is g prime?
True
Let x(j) = -j**3 - 32*j**2 + 17*j + 82. Let y be x(-38). Suppose -5*w = -2*q - y, 6*q = -w + 11*q + 1643. Is w a prime number?
False
Suppose -2*d + 4*k = -8, -3*d - k + 15 = -4*k. Suppose 22*g = d*g + 48. Is -5 - (g + -3*105) prime?
True
Suppose 19*b = -5*b + 24. Suppose i + 0 = b, -5*i = -y + 3776. Is y a prime number?
False
Suppose -10 = -5*i, -2*i = -8*f + 4*f + 201328. Is f a prime number?
True
Suppose 1779 = 26*s - 5137. Is (s/(-57))/(4/(-32286)) a prime number?
False
Let u(m) = -64*m + 29. Let f(c) = -63*c + 29. Let i(t) = -6*f(t) + 5*u(t). Is i(10) a prime number?
False
Let v(j) = -j**3 + 16*j**2 - 19*j + 29. Let z(r) = r**2 + r - 14. Let t be z(-5). Let m(s) = -3*s + 30. Let x be m(t).